
6
Suppose 0*a = -4*a + 4*d - 60, d - 2 = 0. Suppose 4*h - 33 = -m, 2*h + 0 = 6. Let b = a + m. What is the units digit of b?
8
Let f(r) = -2*r + 25. What is the tens digit of f(-11)?
4
Suppose 5*z - 4*z = 2*g - 13, -3*z = 2*g + 7. Suppose -3*s = -0*s - g*c + 5, -3*c + 6 = 0. Let r(n) = 13*n**3 - n**2 + n. What is the tens digit of r(s)?
1
Let j be (-128)/(-12)*18/8. Suppose -2*m + j = 4. What is the units digit of m?
0
Let c(h) = -20*h + 4. What is the tens digit of c(-2)?
4
Suppose -21 + 76 = 5*i. Let r be 6/(-9) + (-4)/(-6). Suppose 5*h = -3*b + 14, 0 = h - r*b - 4*b + i. What is the units digit of h?
1
Let p(z) = -z**3 - 6*z**2 - 5*z - 3. Let o = -6 - -1. Let x be p(o). What is the units digit of (0 - x/9)*3?
1
Let r = 53 + -5. What is the units digit of r?
8
Suppose -3*g - 3*n = -4*g + 63, 0 = 2*g + 2*n - 158. What is the tens digit of g?
7
Suppose 111 = -2*g + 445. What is the hundreds digit of g?
1
What is the tens digit of (-3 - -7) + (-532)/(-4)?
3
Suppose 0*q = 3*q - 6. Let l be ((-1)/(-2))/(1/q). What is the units digit of l + 2 + (-4)/(-2)?
5
Let x(m) = 57*m**2 + 3*m + 3. What is the hundreds digit of x(2)?
2
Let z = 275 + -81. What is the units digit of z?
4
Let u be -10*(10/(-4))/5. Suppose -3*w = u - 17. What is the units digit of w?
4
Suppose -2*l = 3*l + 4*h + 34, -2*l - 9 = -3*h. What is the units digit of (-2)/l - 248/(-12)?
1
Let t(v) = 5*v**2 + 24*v - 20. Let f be (-123)/15 + 2/10. Let q(w) = 2*w**2 + 8*w - 7. Let c(b) = f*q(b) + 3*t(b). What is the units digit of c(6)?
8
Let t(p) = p + 10. Let h be t(-9). Let q be (-2 + 0)*-13*h. What is the units digit of -4 + 2 - q/(-2)?
1
Suppose -2*w - 2*f = f - 168, 0 = 4*w + 2*f - 336. What is the units digit of w?
4
Suppose -3*f + 2*y = -72, 2*f - 3*y - 95 = -2*f. What is the units digit of f?
6
Let x be 210/27 - (-2)/9. Let p(w) = -8 - x*w**2 - 2*w + 0*w**3 + w**3 + 4*w. What is the units digit of p(8)?
8
Let j(r) = r**2 - 4*r + 4. Suppose 6 = -k + 2*k. Let b be j(k). Let d = -9 + b. What is the units digit of d?
7
Let a(u) = -7*u - 24. Let t(z) = 13*z + 47. Let f(i) = 11*a(i) + 6*t(i). Let n be f(0). Let x = n - 3. What is the tens digit of x?
1
Let h = -7 - 3. Let q(o) = -3*o**2 + 2*o**2 - 11*o - 8 + 3. What is the units digit of q(h)?
5
Suppose -45 = -4*f + 111. What is the units digit of f?
9
Let k(m) = -m + 3. Suppose z + 5*j - 13 = 0, 3*z - 4*z - 3*j = -9. Let n be k(z). Suppose 4*x - 4*h - 11 + 3 = n, h + 14 = 3*x. What is the units digit of x?
6
Let l be 1 - 3 - -2 - 1. Let j be (2 - -1)*l + 2. What is the units digit of ((-7)/4)/(j/4)?
7
Let g = 148 - 93. What is the units digit of g?
5
Suppose 0 = -2*l + 3 + 1. What is the units digit of 1/l*14*2?
4
Suppose 2*s - 36 = 4*a, 5*a = -s + 4*a + 15. Suppose 5*h - s = 34. What is the tens digit of h?
1
Let i be 1 + 4 - (3 - 1). Let c = 6 - i. Suppose -2 = c*w - 2*x - 11, -w = -x - 4. What is the units digit of w?
1
Let s(v) = v**2 - 2*v + 6. Suppose 5*n = -4*y + 45, y = 5*n - 4*y. Let j be s(n). Suppose 4*f - 30 = 2*r, 3*r = -4*f + 24 + j. What is the units digit of f?
9
Let d = -1 + 11. Suppose -d - 2 = -l. Let t = l + -8. What is the units digit of t?
4
Let i be ((-200)/(-15))/((-4)/(-6)). Suppose 3*k + 8 - i = 0. What is the units digit of k?
4
Let m be 1/(-2) - 7/(-2). Let i(p) = p**3 + 5*p**2 - 7*p - 6. Let z be i(-5). Suppose -m*o = -z - 1. What is the tens digit of o?
1
Suppose 119*y - 118*y - 40 = 0. What is the tens digit of y?
4
Suppose 3*o - 59 = -2*z, -6*o - z - 56 = -9*o. What is the units digit of o?
9
Suppose 0 = -2*n + 2 - 20. Let f = n - -13. What is the units digit of f?
4
Suppose 0 = -u + 9 + 44. Suppose u = 3*p - 34. What is the units digit of p?
9
Let s(g) be the first derivative of -g**4/4 + g**3/3 + 1. What is the units digit of s(-1)?
2
Suppose 1 + 2 = i. Let k be i/(-12) - (-9)/4. Suppose k*n = 3*n - 5. What is the units digit of n?
5
Let k(o) = -o**2 + 8*o + 11. Let f be k(9). Suppose 0 = -f*a + 4*a - 14. Suppose -2*g - a = -3*g. What is the units digit of g?
7
Let s(l) = l**2 + 5*l - 5. Let r be s(-5). What is the units digit of (-2)/r - (-38)/5?
8
Let n(k) be the third derivative of k**4/24 + 2*k**3/3 + k**2. What is the tens digit of n(11)?
1
Let f(k) = 3*k**3 + k + 1. Let i be f(-1). Let m(u) = u**3 + 4*u**2 + 3*u + 1. Let a be m(i). Let d(j) = 6*j - 1. What is the units digit of d(a)?
5
Suppose 3*f + 0 = 12. Suppose 2*g = f*h, -1 = -3*g + 6*h - h. Suppose -g*n + 6*n = 28. What is the units digit of n?
7
Let h be (-16)/(-6)*90/(-24). Let t be (-55)/h + 6/(-4). Suppose 4*s = t*b + 8, 22 = 2*s + 3*s + b. What is the units digit of s?
4
Let k(o) = 2*o + 32. What is the units digit of k(0)?
2
Suppose v + d = 2, 0*v - 3*d = v. Suppose 5*a - 2*q + 1 = 17, -q + v = 3*a. Suppose a*t = -3*t + 25. What is the units digit of t?
5
Let h = 24 - 5. What is the tens digit of h?
1
Suppose -139 - 56 = -5*b. Suppose 5*f - b = -14. What is the units digit of (2 + 0)/(2/f)?
5
Let f(l) = -l - 3. Let s be f(0). What is the units digit of s + -1 + 11 + 0?
7
Suppose j + 78 = 4*j. Suppose -l - 5*t + j = 0, 0 = -l + t + 18 + 14. What is the tens digit of l?
3
Suppose 0 = x - 4*x + 264. What is the units digit of x?
8
Suppose -x + i + 25 = 0, 3*x - 7*x - i = -75. What is the tens digit of x?
2
Let g(p) be the first derivative of -p**3/3 + 17*p**2/2 - 18*p - 6. What is the tens digit of g(13)?
3
What is the hundreds digit of (-752)/(-10)*((-22)/(-4) - 3)?
1
Suppose -3*u - 56 = -86. What is the units digit of u?
0
Let b(j) be the first derivative of 7*j**3/3 + j**2/2 + 2. What is the units digit of b(-1)?
6
Suppose 3*s - 5*s = -6. Suppose -2*l + 4*t = s*l - 37, 3*t = -2*l + 1. Suppose -l*k - 5*x + 30 = 0, 0 = -4*k - x + 23 + 16. What is the units digit of k?
1
Suppose 0 = 4*q - 3*q - 18. Suppose -2*k - 4*v + q = 0, -3*v = -5*v + 4. What is the units digit of k?
5
Let i = 5 + 0. What is the units digit of i?
5
Suppose 7*z = 10*z - 351. What is the units digit of z?
7
Let p = 3 + 0. Suppose l - 4 = p*g - 19, -2*g = -5*l - 10. Suppose -14 = -4*t + 5*u, 3*t + 7 + 0 = -g*u. What is the units digit of t?
1
What is the tens digit of ((-22)/(-8))/((-7)/(-112))?
4
Let s(k) = -k**3 + 18*k**2 + k + 9. What is the units digit of s(18)?
7
Suppose 2*o + 3 = 3*o. Suppose 4*x + o*l = 5*x + 60, -3*x - 167 = 4*l. What is the tens digit of 2*3/((-18)/x)?
1
Suppose -x - 3*p = -45, -4*x + 4 + 128 = -4*p. Suppose -4*w + 52 = -0*w - h, 2*w - 3*h = x. What is the units digit of w?
2
Let g(z) = z**3 + 10*z**2 - z - 2. Let s be ((-15)/6)/((-2)/4). Let v be (-49)/s - 2/10. What is the units digit of g(v)?
8
Suppose 3*h - 14 + 2 = 0. Suppose -b + 0*b = -2*u - 6, h*u = b - 8. What is the units digit of b?
4
Suppose -12 = 4*x, 0 = -6*d + 2*d + x - 13. Let w be 2/(-3 - d) + 0. Let c(u) = 2*u**2 - 2*u - 2. What is the units digit of c(w)?
2
Let v(s) = -s**3 + 9*s**2 - s + 2. Let t be v(9). Let m = -9 - t. What is the tens digit of (-3)/m - 34/(-4)?
1
Let g be (3/(-2))/((-5)/10). Let u(n) = 16*n + 4. Let f be u(g). Suppose 0*x = 4*x - f. What is the tens digit of x?
1
Suppose -5*u + 169 = -4*n, -94 - 42 = -4*u + 4*n. Let b = u - -18. Suppose 0 = 5*h - b - 24. What is the tens digit of h?
1
Let r(m) = -4 - 2 + m + 1. Let i be r(8). Suppose i*u + 0*u = 39. What is the units digit of u?
3
Suppose -20 = 2*n - 84. What is the units digit of n?
2
Let g = 14 - 18. What is the units digit of ((-3)/(-2))/(g/(-40))?
5
Let c = 14 - 5. Let b = 4 - 0. Suppose -l + c = -q, 0 = -l - 2*l + b*q + 25. What is the tens digit of l?
1
Let i = -7 + 11. Suppose -h + 2 = 5. Let o = i + h. What is the units digit of o?
1
Let l(u) be the second derivative of -1/3*u**3 + u + 0 - 2*u**2. What is the units digit of l(-6)?
8
Suppose 0 = 5*o - 41 - 144. What is the tens digit of o?
3
Let l = -23 - -26. Suppose l*i + 0*i = 99. What is the tens digit of i?
3
Suppose 0 = 3*q - 5*k + 19, -q - 13 = -3*k - 0*k. Suppose -q*b + 15 = -b. What is the tens digit of b?
1
Suppose 4*f - g + 36 = 0, -4*f - 17 = 2*g + 19. Let s be 196/9 + (-2)/f. Suppose s = w - 4*o, -w - 4*w = -5*o - 95. What is the units digit of w?
8
Let n(d) = d + 2. Let x be n(0). Let j = 5 + -6. Let r = x + j. What is the units digit of r?
1
Suppose 4*z - i + 1 = 2, 2*z - 3*i = 3. Let q(a) be the second derivative of -a**3/6 + 